{"id":19,"date":"2010-01-17T16:58:21","date_gmt":"2010-01-17T15:58:21","guid":{"rendered":"http:\/\/10.0.0.10\/wordpress\/?page_id=19"},"modified":"2025-12-11T12:42:30","modified_gmt":"2025-12-11T11:42:30","slug":"uber-uns","status":"publish","type":"page","link":"https:\/\/www.iropartners.at\/?page_id=19","title":{"rendered":"\u00dcber 50 Jahre Erfahrung"},"content":{"rendered":"<div class=\"content_column\">\n<p>Iro&amp;Partners wurde <strong>1973<\/strong> von Dkfm. Volkmar Iro als Personal-, Management- und Marketingberatung gegr\u00fcndet.<br \/>\n<strong>Dr. Anton Schm\u00f6lzer<\/strong> arbeitet seit 1978 in der Iro&amp;Partners Consulting Group und f\u00fchrt seit Jahren als gesch\u00e4ftsf\u00fchrender Gesellschafter dieses Unternehmen.<\/p>\n<p>Unsere Unternehmensphilosophie: Auf h\u00f6chstem Niveau Know-How zu vermitteln, professionelle L\u00f6sungsvorschl\u00e4ge anzubieten sowie den Umsetzungsprozess zu begleiten.<\/p>\n<p>Unsere Mitarbeiter\/Innen zeichnen sich durch hohe Einsatzbereitschaft, gr\u00f6\u00dftes Interesse an den Herausforderungen unserer Kunden sowie Einf\u00fchlungsverm\u00f6gen aus. Unsere Teams sind interdisziplin\u00e4r aus den Bereichen Betriebswirtschaft, Psychologie, Soziologie, Kommunikationswissenschaft, Informatik und Design besetzt.<\/p>\n<\/div>\n<div class=\"content_column_gap\"><span style=\"color: #ffffff;\">.<\/span><\/div>\n<div class=\"content_column\">\n<p><img loading=\"lazy\" decoding=\"async\" class=\"alignnone wp-image-222 size-full\" title=\"Iro&amp;Partners Haus (480)\" src=\"http:\/\/www.iro.co.at\/wp-content\/uploads\/ip_haus_480.jpg\" alt=\"Iro&amp;Partner Hauseingang\" width=\"480\" height=\"600\" srcset=\"https:\/\/www.iropartners.at\/wp-content\/uploads\/ip_haus_480.jpg 480w, https:\/\/www.iropartners.at\/wp-content\/uploads\/ip_haus_480-240x300.jpg 240w\" sizes=\"(max-width: 480px) 100vw, 480px\" \/><\/p>\n<\/div>\n","protected":false},"excerpt":{"rendered":"<p>Iro&amp;Partners wurde 1973 von Dkfm. Volkmar Iro als Personal-, Management- und Marketingberatung gegr\u00fcndet. Dr. Anton Schm\u00f6lzer arbeitet seit 1978 in der Iro&amp;Partners Consulting Group und f\u00fchrt seit Jahren als gesch\u00e4ftsf\u00fchrender Gesellschafter dieses Unternehmen. Unsere Unternehmensphilosophie: Auf h\u00f6chstem Niveau Know-How zu vermitteln, professionelle L\u00f6sungsvorschl\u00e4ge anzubieten sowie den Umsetzungsprozess zu begleiten. Unsere Mitarbeiter\/Innen zeichnen sich durch hohe [&hellip;]<\/p>\n","protected":false},"author":1,"featured_media":0,"parent":14,"menu_order":11,"comment_status":"closed","ping_status":"closed","template":"","meta":{"_sharing_image":[],"_sharing_image_fieldset":[],"footnotes":""},"class_list":["post-19","page","type-page","status-publish","hentry"],"_links":{"self":[{"href":"https:\/\/www.iropartners.at\/index.php?rest_route=\/wp\/v2\/pages\/19"}],"collection":[{"href":"https:\/\/www.iropartners.at\/index.php?rest_route=\/wp\/v2\/pages"}],"about":[{"href":"https:\/\/www.iropartners.at\/index.php?rest_route=\/wp\/v2\/types\/page"}],"author":[{"embeddable":true,"href":"https:\/\/www.iropartners.at\/index.php?rest_route=\/wp\/v2\/users\/1"}],"replies":[{"embeddable":true,"href":"https:\/\/www.iropartners.at\/index.php?rest_route=%2Fwp%2Fv2%2Fcomments&post=19"}],"version-history":[{"count":13,"href":"https:\/\/www.iropartners.at\/index.php?rest_route=\/wp\/v2\/pages\/19\/revisions"}],"predecessor-version":[{"id":18000,"href":"https:\/\/www.iropartners.at\/index.php?rest_route=\/wp\/v2\/pages\/19\/revisions\/18000"}],"up":[{"embeddable":true,"href":"https:\/\/www.iropartners.at\/index.php?rest_route=\/wp\/v2\/pages\/14"}],"wp:attachment":[{"href":"https:\/\/www.iropartners.at\/index.php?rest_route=%2Fwp%2Fv2%2Fmedia&parent=19"}],"curies":[{"name":"wp","href":"https:\/\/api.w.org\/{rel}","templated":true}]}}